2*k(h) - 7*q(h). Let g(f) = x*p(f) - 2*j(f). Calculate g(5).
4
Let s(n) = -n**3 - 7*n**2 + n + 9. Let h be s(-7). Let d(y) = 0*y + h*y - y - 4. Give d(3).
-1
Let a(h) = -h**2 + 10*h + 2*h**2 - 5*h - 1. Calculate a(-3).
-7
Let m = 42 - 42. Let a(f) = f**2 - f + 3. Determine a(m).
3
Let m(f) = 5*f - 23. Let u(s) = -s. Let v(t) = -m(t) - 4*u(t). What is v(0)?
23
Let k(d) = d**3 - 3*d. Let v(n) = -n**3 + n - 1. Let q(c) = -k(c) - 2*v(c). Determine q(0).
2
Let i(y) = y**3 - 3*y**2 + 2. Suppose -5*f + 45 = 5*u, 3*u - u - 26 = -4*f. Suppose 3*m - u*n - 23 = -9, 10 = 5*m + 5*n. Determine i(m).
2
Let l = 2 - 4. Suppose -b + 0 + 2 = 0. Let v(z) = -z + 2*z - b*z. Give v(l).
2
Let r(n) = -18*n - n**2 + 8*n + 3*n - 1. Determine r(-4).
11
Let l(i) be the second derivative of i**3 + i**2 + 2*i. Let v(c) = 2 + 0*c + 3*c - 1 + 0*c. Let t(f) = 6*l(f) - 13*v(f). Determine t(-4).
11
Let r = -1 - -2. Let k(g) = 3*g**2 - 5*g**2 + g**2. Calculate k(r).
-1
Let q(h) = 5*h - 6. Let j(o) = o - 1. Let f(p) = -2*j(p) + q(p). Give f(6).
14
Let x(k) = -3*k + 1. Suppose 0 = 3*q + 5*d - 6 + 31, -15 = q + 5*d. Let s = 3 + q. What is x(s)?
7
Let x(d) = 3*d + 15. Let c be (-1)/3 + 34/(-6). Let v be x(c). Let n(p) be the first derivative of p**4/4 + 5*p**3/3 + 3*p**2/2 - 4*p - 1. What is n(v)?
5
Let a = 5 - 3. Suppose 2*l + 0 = 6. Let o(w) = -2 + l + w**a - 5*w - 4. Determine o(5).
-3
Let w(y) = -y + 5. Let q be w(0). Let o be (-2)/q + 6/15. Let g(p) = 8 - 2*p**2 + p - 2 + p**3 + p**2. What is g(o)?
6
Let m(z) = -1 + 1 + z - 1. Suppose 3*s = 3*c + 18, 5*s + 3*c + c = 3. Let l = 4 - s. Determine m(l).
0
Let x(b) = -b - 2. Let g be (6/(2 - 1))/2. Suppose -3*k + 22 = -5*t, 0 = -g*t - 4*k + 4 - 23. Determine x(t).
3
Let z(m) be the third derivative of -m**8/5040 - m**7/2520 + m**6/720 - m**5/30 + 10*m**2. Let j(o) be the third derivative of z(o). Determine j(-2).
-11
Let f(g) = g - 6. Let k(o) be the third derivative of o**4/8 - 2*o**3/3 + 3*o**2. Suppose -5*w = 5, 17 = 2*d - 4*w + 7. Let a be k(d). What is f(a)?
-1
Let j(c) = -c**3 + c**2 + 2*c + 5. Let u be j(3). Let t(a) = -a**2 - 7*a - 9. What is t(u)?
-9
Let w be ((-5)/(-6))/(((-13)/(-6))/13). Let s(r) = -2*r + 7. Determine s(w).
-3
Let c(t) = t**2 + 5*t + 5. Let q be c(-5). Let u(b) = 4*b**2 - 7*b + 2. Let y(w) = -w**2 + 1. Let v(s) = -u(s) - 3*y(s). Determine v(q).
5
Let l(i) = -i**2 + 25*i - 1 - 61*i + 26*i. What is l(-10)?
-1
Let w(g) be the third derivative of g**6/120 + g**5/60 + g**4/24 + 5*g**3/6 + 4*g**2. Suppose 10*b = 11*b. What is w(b)?
5
Let a = -2/3 - -19/24. Let n(h) be the third derivative of 1/3*h**3 + a*h**4 + 0 - 1/60*h**5 + 0*h - 3*h**2. Give n(5).
-8
Let z(m) = -m**3 - m - 1. Let a(f) = 3*f**3 + f**2 + 2*f + 2. Let s(x) = -2*a(x) - 5*z(x). Suppose 0 = -2*q + 4, t + q - 2 = -q. Give s(t).
-1
Let k(f) = f - 3 - 3*f - 4. Let b be k(-5). Let h(d) = d - 3. Determine h(b).
0
Let h(f) be the third derivative of -f**6/120 - f**4/24 + 2*f**3 - 4*f**2. Determine h(0).
12
Suppose -3*p + 2 = -p. Let g be (-2 - (p + -4))*-5. Let v(f) = 3*f - 4*f + 0 + 2 - 4 + 4. Give v(g).
7
Let g be (-80)/14 + (-2)/7. Suppose 2*j - c = -3 + 2, -4*j - 3*c = 17. Let y be j/9 + g/(-27). Let v(p) = -p**2 - 2. Determine v(y).
-2
Let w be -15*1*2/(-6). Let q(v) be the third derivative of -v**4/12 + v**3/2 - 10*v**2. Give q(w).
-7
Suppose -4*u + 22 = 2*w, u - 16 = -2*w - u. Suppose 4*q + w = 1. Let t(d) = -8*d**2 + 1. Give t(q).
-7
Let i(t) = -t**2 + 4*t + 3. Let q(p) = p. Let c(b) = i(b) - 4*q(b). Suppose f = 3*d, 0 = -3*f + d - 0*d. What is c(f)?
3
Let q(n) be the second derivative of 0 - 3*n - 1/6*n**3 - 1/2*n**2. Calculate q(4).
-5
Let b(p) = 3*p + 3*p - 5*p + 0*p + 7. Let o be b(-5). Let v(r) = 0 + r + 3 - r**o - 2*r. Determine v(3).
-9
Let i(w) = -w - 1 + 2 - 2. Let c = 56 - 56. Calculate i(c).
-1
Let q(c) = -c**2 - 3*c + 2. Let r be q(-3). Let o(i) = -3*i + 2*i + 5*i + r - i. What is o(-4)?
-10
Let w(r) = 2*r**3 - 3*r**2. Let l be w(2). Let z(q) = l*q + 6*q**2 + q**3 + 2*q + 0*q**3. Determine z(-5).
-5
Let i = 2 - 3. Let v(s) = -9*s**2 + 4*s + 4. Let d(o) be the third derivative of -o**5/20 + o**4/24 + o**3/6 - o**2. Let f(b) = -7*d(b) + 2*v(b). Give f(i).
3
Suppose 5*p - 9 = 11. Let w(f) = -f**3 + 3*f**2 + 5*f - 3. Determine w(p).
1
Let t(h) be the first derivative of -h**4/4 + h**3/3 + 2*h - 6. Determine t(2).
-2
Suppose -2*a + 12 = 3*y, -5*y - 2*a + 7*a - 5 = 0. Let q(x) = -2 + 0*x - 4 - 3*x + y*x. Give q(-5).
-1
Suppose 0 = -3*m + 22 - 4. Let t be (-3)/(-4) + m/(-8). Let g(n) = t*n + 2 + 2*n + n - n**2. What is g(4)?
-2
Let v(d) = d - 3. Suppose 0 = -a - f - 1, -a + 3*a + 12 = 3*f. Let g(p) = p**3 + 2*p**2 + p + 2. Let b be g(a). Let i = -5 - b. Determine v(i).
2
Let s(c) = -c**3 + 8*c**2 - 7*c + 10. Let v = 73 - 66. Determine s(v).
10
Suppose -2*j + 3*j + 3 = 0. Let l(f) = 2 + 0*f - 1 + f. Determine l(j).
-2
Suppose 5*r = -5 + 10. Let q(f) = -3*f**2 + f - 1. What is q(r)?
-3
Let m(d) = -2*d - 2 - 2 + 4 + 1. Give m(4).
-7
Let x(k) = 2*k - 3. Suppose 3*q - 32 = 4*o, 9 = 4*q + o - 2. Determine x(q).
5
Let x(m) = 9*m + 1. Let c be 1 + -1 + (-2 - -6). Suppose c*v + 1 = -3. Calculate x(v).
-8
Let n = -1 - -5. Let f(m) be the second derivative of -m**4/12 + 2*m**3/3 - 3*m**2 + 79*m. What is f(n)?
-6
Let a(w) = w - 1. Let i(z) = -z**2 - 7*z - 7. Let t be i(-7). What is a(t)?
-8
Let c(n) = n**3 + 3*n**2 + 4*n + 6. Let l be c(-2). Let q(j) = -4*j**2. Calculate q(l).
-16
Let n(w) be the second derivative of w**5/20 + w**4/4 - w**3/2 - w**2/2 + 32*w + 1. Give n(-3).
8
Let k be (-1 + 2)*17*-1. Let i = -10 - k. Let q(n) = n - 4. Determine q(i).
3
Let a(v) = -v**2 - 3*v + 4. Let c be a(-4). Let n(t) = t + 9. Calculate n(c).
9
Let p(r) = -3*r - 3. Suppose 0*h + 8 = -2*h. Give p(h).
9
Suppose 13 + 11 = 3*n. Let a = n - 7. Let s(z) be the second derivative of z**5/4 - z**4/12 + z**3/6 - z**2/2 - z. What is s(a)?
4
Let z(n) be the second derivative of -n**4/6 + 5*n**3/6 - 2*n**2 + 21*n. Let b be 4/10 - (-13)/5. Determine z(b).
-7
Let v = 5 - 2. Let h(a) = -a**2 + a**3 + 3*a + 2 + 0*a**v - 2*a. Let y(t) = t + 11. Let l be y(-11). What is h(l)?
2
Let a(z) be the third derivative of z**5/60 - z**4/24 - z**3/6 + 3*z**2. Let j(i) = -3*i**2 - 2. Let u(c) = 4*a(c) + j(c). What is u(6)?
6
Let g(f) = -7*f**2 - 3*f - 3. Let j(p) = 11*p**2 + 4*p + 5. Let x(v) = -8*g(v) - 5*j(v). Give x(-4).
-1
Let d(p) = -p**3 - 23*p**2 - 21*p + 16. Let b be d(-22). Let k(f) = -f**2 - 6*f + 5. Determine k(b).
5
Let f(z) = -4*z**2 - 9*z. Let a(p) = p**2 + p - 1. Suppose -12 = 5*n + 3. Let s = 3 + -4. Let i(r) = n*a(r) + s*f(r). What is i(-5)?
-2
Suppose 0*l - 12 = -5*g + l, 0 = 4*g - 4*l - 16. Let k(i) = -i**g + i**2 + i**2 - 5*i - 6. Determine k(6).
0
Let m(k) = -5*k**2 - 11*k + 4. Let u(c) = -14*c**2 - 33*c + 12. Let d(n) = -17*m(n) + 6*u(n). Give d(6).
-26
Let v(f) = f**3 - 9*f**2 + 7*f + 5. Let i = -15 + 23. Let m be v(i). Let l(s) be the first derivative of -s**3/3 - s**2 - 3*s + 1. Calculate l(m).
-6
Let s(o) = o**2 + o + 1. Let r be s(-2). Let b(c) = 2*c**2 + r*c - 4*c**2 - 6 - c**3 + 3. Calculate b(-3).
-3
Let y be (-1 - -2)/((-1)/(-39)). Suppose -2*d + 2*a = -30, -2*d = 3*d + 4*a - y. Suppose -2*f - 1 + d = 5*g, -f = 0. Let i(p) = -5*p - 1. Give i(g).
-11
Suppose 3*o + 15 + 0 = 0. Let g(r) = -6*r**3 + 6*r**2 + 2. Let m(d) = -d**3 + d**2. Let a(j) = o*m(j) + g(j). Give a(2).
-2
Let p(m) = 3*m - 4*m + 2*m - 2*m. What is p(4)?
-4
Suppose 0 = -5*i + 13 - 48. Let g = 3 + i. Let b(c) = c. What is b(g)?
-4
Let m(f) be the second derivative of 3*f**5/20 + f**4/12 - f. Suppose h + 4*p + 9 = -2*h, 3*p - 9 = 0. Let b = h + 8. What is m(b)?
4
Let y(q) = q**3 - 5*q**2 - q. Suppose -2*m = 3*k + 8, -3*m = -k + 6 - 16. Suppose i + a = 0, 5*i - 3*a = m*a + 50. Calculate y(i).
-5
Let b = 8 - 2. Let z(m) = m**2 - 9*m + 3. What is z(b)?
-15
Let t(h) = h**3 + 4*h**2 + 2*h - 3. Let i be (-6)/4 + (-6)/(-4). Suppose -4*x + 5*k - 32 = i, -3 = -4*x - 4*k + 1. Calculate t(x).
0
Let w(m) = 1. Let a(i) = 3*i - 1. Let t(l) = -5*l - 1 - 2*l + 5*l + 4*l. Let x(h) = -4*a(h) + 5*t(h). Let y(z) = 2*w(z) - x(z). Calculate y(-4).
-5
Let b(y) be the first derivative of y - 2 + 1/3*y**3 - 2*y**2. Determine b(2).
-3
Let q(o) = -o**3 - o + 1. Let k(j) = -7*j**2 - 3*j + 6. Let c(t) = -k(t) - q(t). Let i(p)